y q(-18).
39
What is the remainder when 907 is divided by ((-14)/(-36))/7 - (-100011)/2862?
32
Suppose 8*k + 25 = 345. Let j = k + -23. What is the remainder when j is divided by 7?
3
Suppose 2*b + 3*b = 0. Suppose 4*s = -100 + 132. What is the remainder when s is divided by 1 - (0 + -1) - b?
0
Suppose -25*a = 4*x - 22*a - 123, -79 = -2*x - 5*a. Suppose 4*p + x = 143. What is the remainder when 288 is divided by p?
27
What is the remainder when 1942 is divided by (13 - 275/22)*108?
52
Suppose 31 + 146 = 3*p + 2*l, 0 = 4*p + 3*l - 238. Calculate the remainder when 10944 is divided by p.
54
Let b(q) = 107*q - 13. Let w be b(3). Suppose a + w = 12*a. Let u = -3 - -18. Calculate the remainder when a is divided by u.
13
Suppose -58*a = 40*a - 16*a - 5822. Calculate the remainder when (-12)/42 + (-5912)/(-14) is divided by a.
67
Let s be (-1)/(-5)*20/6*3. Suppose -t - 4*n = -5*t + 168, 0 = -s*t + n + 83. What is the remainder when t + (-6)/(-5 + 2) is divided by 15?
13
Suppose -s - 4*c - 14 = 2*s, 4*s - 2*c - 18 = 0. Let x(f) = 2 - 6 + 9 + f**3 - 2*f**s - 3*f**2 - 12*f. Calculate the remainder when x(8) is divided by 26.
23
Suppose -9*z = -10*z + 12. Suppose -17*s + 559 = -z*s + 3*l, 2*s = -4*l + 218. Let i = 25 + 5. What is the remainder when s is divided by i?
23
Suppose 5*v + 2*k + 0*k = 1262, -2*v - k = -506. What is the remainder when v is divided by 61?
6
Suppose -52*u + 758 = -47*u - 4*h, 4*u - 607 = 3*h. Calculate the remainder when 324 is divided by u.
16
Let l = 3084 - 3077. What is the remainder when 811 is divided by l?
6
Let k = 267 + -148. Let r(m) = -m + 68. Let z be r(-6). Suppose 0 = -z*q + 85*q - 264. Calculate the remainder when k is divided by q.
23
Suppose 0 = 5*d - 3*x - 185, 4*d - 202 + 81 = -3*x. What is the remainder when 100 is divided by d?
32
Suppose 20*l - 28 = 13*l. Suppose -l*i = -2*w + 9 - 193, 3*w + 274 = 4*i. Let z = 97 + w. Calculate the remainder when 20 is divided by z.
6
Let n = 1334 - 1268. What is the remainder when 356 is divided by n?
26
Let u = -8 + 16. Let j be 6/((-9)/(-4) + -3). What is the remainder when u is divided by ((-207)/92)/(3/j)?
2
Suppose -h = 4*l - 101, -13*l + 9*l + 4 = 0. Let u be (18/(-54))/(1/33). Calculate the remainder when h is divided by ((-1)/3)/(u/330).
7
Let q be 20/((-25)/5) + 0. Let r be (-95)/2 + (-3)/q*-2. What is the remainder when 84 is divided by (-7)/r - 306/(-14)?
18
Let q(z) = -z**2 + 6*z + 5. Suppose -u + 75 = 56. Calculate the remainder when u is divided by q(5).
9
Let h(w) = -7*w + 98. Let b(v) = -v**2 + 10*v - 9. Let p be b(7). Calculate the remainder when h(p) is divided by 8.
6
Suppose 284*r - 123*r = -240*r + 2807. Calculate the remainder when 1781 is divided by r.
3
Let g = -678 + 797. Calculate the remainder when 6305 is divided by g.
117
Let z(m) = m**2 + 22*m - 788. Calculate the remainder when 306 is divided by z(-42).
46
Suppose 59091 = 119*r + 3161. What is the remainder when r is divided by 13 + (1 - 3) + 0?
8
Let v(z) = z + 15. Let b be v(-17). What is the remainder when 198 is divided by 102*(b - (-35)/14)?
45
Let m be ((-27)/18)/((-1)/2). Let u be (-1 + m)/1 - -1. Suppose u*k + 5*w - 34 = 0, -5*k + 2*w = -0*w - 98. What is the remainder when 52 is divided by k?
16
Let j be ((-3627)/6)/13*-14. Suppose 39*o - 18*o = j. Calculate the remainder when 278 is divided by o.
30
Suppose 2*j = -3*j - 5, 0 = z - j - 1104. What is the remainder when z is divided by 30?
23
Let i(q) = q**2 - 5*q - 3. Calculate the remainder when (85/35)/((-32)/(-29120)*26) is divided by i(7).
8
Suppose 16421*l = 16415*l + 210. Let q = 233 - 98. Suppose -4*x = 2*v - 412, v = x + l - q. Calculate the remainder when x is divided by 26.
24
Let i = 85 - 239. Let k = i - -180. Calculate the remainder when 72 is divided by k.
20
Let i = 14 - 5. Suppose -4*m + 10 = -i*m, -o + m = 2. Calculate the remainder when o/(-8)*22/1 is divided by 8.
3
Suppose 2616 + 319 = 5*k. What is the remainder when k is divided by 114?
17
Suppose -5*f - 926*n = -929*n - 82, -2*f + 3*n = -31. Suppose -244 = 2*z - 6*z. Calculate the remainder when z is divided by f.
10
Let o(u) = 4*u - 13. Let b be o(4). Suppose -4*g + 283 = b*v, -3*g + 0*g = -2*v + 217. Let n = 126 - v. Calculate the remainder when 73 is divided by n.
23
Let c = 126 - 19. Let o = c + -54. Let r(p) = p**2 - 11*p + 18. Calculate the remainder when o is divided by r(11).
17
Let n(q) = 2*q**3 - 7*q**2 + 8*q - 9. Let l(c) = -3*c**2 + 10*c - 10 + 2*c**2 - 2 - 5. Let m be l(7). Calculate the remainder when 75 is divided by n(m).
36
Let d(w) = -20*w + 1866. Calculate the remainder when 1515 is divided by d(91).
43
Suppose 0 = 3*l + 125 + 262. Let w = -101 - l. Suppose 0 = 3*n + 4*n - w. Calculate the remainder when 4 is divided by n.
0
Let j = 108 + -70. Let n = 7 - 22. Let z = n + j. Calculate the remainder when 135 is divided by z.
20
Suppose -18*u + 240 = -3*u. Let x = 26 + u. Calculate the remainder when 83 is divided by x.
41
Suppose -61*a = -50*a - 22. What is the remainder when (1 - 5/a)*(-10960)/60 is divided by 87?
13
Calculate the remainder when -16*3/(-12)*-2 + 116 is divided by 57.
51
Let l = 16942 + -15377. Calculate the remainder when l is divided by 391.
1
Calculate the remainder when ((-2424)/(-14) - 2) + 1/(-7) is divided by 78.
15
Let x(h) = 38*h**2 + 11*h - 37*h**2 - 55 + 0. What is the remainder when 498 is divided by x(5)?
23
Suppose 4*a + 20 = 0, 119*g = 122*g + 5*a - 257. What is the remainder when 375 is divided by g?
93
Suppose 10 = 3*s - 2*s. Let t(x) be the third derivative of -x**5/60 - 2*x**4/3 - 11*x**3/2 - 169*x**2. Calculate the remainder when t(-11) is divided by s.
2
Suppose o - 110 = -4*a, 7*a - 2*a - 130 = -5*o. Suppose 5*l + a = 4*n, -3*n = -0*l + 4*l - 52. Let w = 24 - 3. Calculate the remainder when w is divided by n.
9
Suppose 9*w + 7319 - 16427 = 0. What is the remainder when w is divided by 4?
0
Let u = 15950 - 15895. Calculate the remainder when 275 is divided by u.
0
Let w = -20960 + 21005. Suppose -a = 3*a - 5*b - 35, -a + 2*b = -8. Calculate the remainder when w is divided by a.
5
Let p(d) = 25*d - 245. What is the remainder when 226 is divided by p(14)?
16
Let t(c) = 3*c**2 - 48*c - 10. Let v be t(16). Let m(d) = 10*d + 105. Let b = -18 + 37. Calculate the remainder when b is divided by m(v).
4
Let k(s) be the third derivative of -3*s**4/4 - 16*s**3/3 - 5*s**2 + 2*s. Let y = 11 + -3. Calculate the remainder when k(-3) is divided by y.
6
Suppose -3*i + 67 + 62 = 0. Suppose -13*x = -58*x + 24*x + 189. What is the remainder when i is divided by x?
7
Suppose 2*s + 3*b - 105 = 0, 3*s - 265 = -2*s - 5*b. Calculate the remainder when 430 is divided by s.
52
Let g(v) = 31*v + 2. Let s(i) = i**3 - 45*i**2 - 199*i + 154. Calculate the remainder when g(8) is divided by s(49).
5
Let i(o) = -25*o**3 + o. Calculate the remainder when (3 + -10)*-11 - (-1 + 2) is divided by i(-1).
4
Let y = 278 + -643. Let x = y - -384. What is the remainder when 263 is divided by x?
16
Suppose 4*t = -12, 0*m + 5*t + 8 = m. Let n(c) = -6*c - 6. Calculate the remainder when n(m) is divided by 24.
12
Calculate the remainder when 828 is divided by ((-164)/902 - (-79)/11) + (-2)/1.
3
Let w(a) = 245*a + 1854. What is the remainder when w(-7) is divided by 10?
9
Let d(q) = q**3 - 9*q**2 + 20*q - 2. Let m be d(6). Let c(p) = -7*p**2 + 4*p - 19. Let y be c(m). What is the remainder when 56 is divided by 4/(-10) - y/35?
18
Suppose 5124 = 24*l - 444. Suppose -15*s + l = -7*s. What is the remainder when 110 is divided by s?
23
What is the remainder when 223240/105 + (6/3)/((-210)/10) is divided by 8?
6
What is the remainder when ((8 - 6)/((-2)/67))/(-1) is divided by 0 + 11 + (-76 - -74)?
4
Suppose -z + 0*z = -20. Let q = 32 - z. Suppose -2*p = -3*g + q, -6*g + 16 = -2*g - 2*p. Calculate the remainder when 5 is divided by g.
1
Suppose -4*g - 144 = -4*f - 20, 0 = f - 3*g - 39. Let j = 1239 - 485. Calculate the remainder when j is divided by f.
25
Let m = 33315 + -33253. Calculate the remainder when 6321 is divided by m.
59
Let p = 14 - 2. Suppose p*c = 9*c + 12. Suppose -26*t + 25*t = -c. What is the remainder when 9 is divided by t?
1
Let h(f) = -9*f + 1. Let k(d) = d**2 - 8*d + 7. Suppose 6 = 5*r - 4*r. Let x be k(r). What is the remainder when h(x